+ -3) - -3?
-2
What is 1 + (0 - 0) - (-1 + 4)?
-2
Calculate (0 - -1) + -6 + 6 + 8.
9
Calculate 8 + -2 - (9 + 4 + 1).
-8
-7 + (-91 - -91 - (0 + -6))
-1
Evaluate -3 + 11 - ((4 - -8) + 7).
-11
Evaluate -5 + -8 - (-3 + -2).
-8
Calculate 1 - (0 + 1 + -3 + 0).
3
Evaluate 6 + -1 + -15 + 15.
5
What is the value of 6 - (3 + (-3 - -7))?
-1
Calculate -2 - (0 + (-5 - -5 - 0)).
-2
Evaluate -5 + -1 + 19 + -9.
4
What is the value of 12 + (-1 - 3) - 3?
5
What is the value of 5 - 0 - ((-11 - -11) + 11)?
-6
What is the value of (1 - -1 - (22 - 16)) + 2?
-2
Calculate (10 - 10) + (5 - 3).
2
What is (1 + -3 + 2 - 1) + -2?
-3
What is (-8 - -9) + (3 - 0)?
4
Calculate -3 + 9 + 0 + -2.
4
What is the value of -3 + 17 + -56 + 52?
10
What is (0 - 0 - -3) + -8?
-5
Calculate -5 + 10 + -7 + 10.
8
What is (3 - (2 + -2 + 1)) + -1?
1
What is (3 - 1) + (1 - 5)?
-2
What is the value of -4 + (12 + -14 - (-6 + -1))?
1
Evaluate (0 - -2) + 15 + -21.
-4
What is the value of (1 - 4) + 1 + 7?
5
Calculate (5 - (-4 + 7)) + (-1 - 10).
-9
What is the value of (12 - 8) + (-6 - (-1 + -2))?
1
Evaluate -1 + 0 + (-7 - (-3 - 0)).
-5
What is 30 + -28 + (-1 - (1 - -1))?
-1
What is 8 + -8 + 4 + -1 + -8?
-5
What is the value of (-3 - 3) + 1 + 6?
1
Evaluate 1 + -4 + -1 + (-1 - -5).
0
What is (1 - -1) + 0 + -3 + -1?
-2
What is the value of -2 + 1 + 4 + -4?
-1
What is -4 - (2 - 4) - (-9 + -1)?
8
Calculate 7 + (-16 - (2 - 4)) + 8.
1
What is the value of 5 - (-7 + (9 - 2))?
5
What is -18 - -18 - (10 + -3)?
-7
What is -4 - (-6 - 4 - -2)?
4
Evaluate 5 + -13 + -3 + 17.
6
Calculate 3 + 1 - (2 + (-1 - 0)).
3
Evaluate 0 - (7 + -6) - -1.
0
Calculate (-11 - (3 - 8)) + 7 + -7.
-6
Evaluate (-9 - -3 - (4 + -8)) + -1.
-3
2 + (1 - -1) + (15 - 15)
4
Calculate 3 + 0 - (-19 - -23).
-1
What is (-22 - -14) + 1 + 1?
-6
What is the value of 10 + (4 - 2 - 8)?
4
What is -6 + 3 - (3 - -3)?
-9
What is (-6 - (-5 - -4)) + (1 - 0)?
-4
What is -10 - (-6 + -8 + 6)?
-2
3 - (4 - -3) - (-8 - -2)
2
Calculate (-4 - ((-1 - 0) + -5)) + 1.
3
What is -3 + 11 - (3 + (-1 - -3))?
3
6 + -9 - (3 - 2)
-4
(1 - (-6 + -1)) + -3
5
-68 - -71 - (1 - -8)
-6
Calculate (7 + -17 - -23) + -11.
2
What is -6 + ((-6 - -10) + -10 - -6)?
-6
Calculate 6 - ((2 - 5) + 11 + -5).
3
17 + -10 + -2 + 10 + -5
10
Evaluate 1 - 1 - (-13 + 2 - -11).
0
What is the value of 3 + (-12 - -12) + 1?
4
Calculate -21 + 24 - (2 - 0).
1
1 + 0 - ((-14 - -5) + 5)
5
What is -8 - (-8 + -13 - -8)?
5
Evaluate (-1 + 7 - (-6 - -9)) + 1.
4
Evaluate (-10 - 6) + 9 - -11.
4
What is the value of 7 + 0 - (-5 - 12 - -15)?
9
-2 - -1 - (35 + -42)
6
What is the value of (-3 - -2) + (-7 - -5) + -5?
-8
What is the value of 9 - (-8 + 8 - (3 - 4))?
8
Calculate (1 + 2 - (3 - -4)) + 3.
-1
What is -1 + 6 + -11 - -4?
-2
Calculate 5 - (3 + -7 + -1 + 5).
5
Calculate (24 - 21) + (0 - -3) + -5.
1
Evaluate 2 - (8 - 4 - (2 - -2)).
2
Evaluate -2 + 3 + 4 + -7 + -3.
-5
Calculate (5 - (2 + 3)) + 3 - 5.
-2
Evaluate 5 - (15 + (13 - 25)).
2
Evaluate 5 - (-8 - (-4 - (26 + -8))).
-9
Evaluate 4 - 16 - (-37 + 17).
8
(3 + 0 - -2) + -4
1
Evaluate 2 + (0 + (-10 - -4) - -1).
-3
What is 1 + (-5 - -3 - (1 - 1))?
-1
Evaluate 2 - (3 + -4 - -6).
-3
What is (28 - 29) + 0 + 6?
5
What is -2 - (2 - 4) - (-3 - -2)?
1
Evaluate 6 - ((0 - 13) + 10).
9
What is -7 + 15 + -7 + 6?
7
What is (15 - 6) + -4 - 6?
-1
Evaluate 1 - (-4 - -7) - (-2 + 4).
-4
Evaluate 9 + -7 + 3 + -7 - -4.
2
What is the value of 3 + 10 + -10 + 4?
7
Evaluate -2 + 6 + 1 - (82 + -86).
9
What is 10 - (13 - 1) - (3 - -1)?
-6
What is the value of -10 - (-5 + 2) - -5?
-2
Evaluate 14 + -8 - ((3 - 8) + 3).
8
0 + (-5 - (2 - 4))
-3
Evaluate 6 - 3 - 2 - (7 + -1).
-5
953 + -947 - ((0 - 1) + 1)
6
Evaluate -5 + -3 + (-4 - -8).
-4
Calculate 0 + -2 + -12 + 10 - -3.
-1
What is the value of -1 - (-3 + (-1 - -1))?
2
Calculate -5 + 2 - (9 + -7).
-5
Calculate (2 - 8) + (8 - -4).
6
Calculate (7 - 4) + (3 - 2) + -3.
1
Calculate 5 + -9 + 0 - -2.
-2
Calculate (-1 - 1) + -4 + 3.
-3
Evaluate -1 - (2 + (-2 - (2 - 1))).
0
What is the value of 1 + (2 - 1) - 2 - 2?
-2
What is the value of 3 + 3 - (12 + -10)?
4
Calculate -1 + -3 + -5 + 4 + 0.
-5
What is the value of -10 - (-6 + -1 + 4)?
-7
Calculate 2 + (1 - (4 + -3)).
2
-7 + (4 - 1) + (7 - 6)
-3
What is the value of (-2 - 1) + (10 + -2 - 4)?
1
What is 5 + -2 - (5 + 0 + 1)?
-3
-11 + -1 + (1 - -15)
4
-3 - ((0 - -1) + 1 - 2)
-3
What is 3 + -11 + -5 + 8?
-5
What is the value of (-11 - -4) + 5 + 4?
2
Calculate -6 - (0 + 1 + 2 + -3).
-6
Calculate 7 - (6 - -5) - -4.
0
What is -26 - -17 - (-3 - 5)?
-1
3 + 0 - (-1 + 6)
-2
What is the value of -11 + 19 + (-1 - 2)?
5
-38 - -33 - (-10 + 0)
5
What is -1 - -3 - (-7 - -2 - -3)?
4
What is the value of (15 - 20) + 7 + 1?
3
-4 - (-4 - (1 - 0))
1
(1 + -2 - 5) + 12
6
(1 - -2) + -2 + 7 + -13
-5
Calculate 2 - (-4 + -2) - (-41 - -45).
4
Evaluate -4 + (8 - -5 - 6).
3
Evaluate (3 - 5) + (-12 - -9).
-5
1 + (-1 + -6 - -3)
-3
Evaluate (-1 - -7) + -10 + 10 - 5.
1
(-7 - 4) + -3 + 6
-8
Calculate 5 + -1 + (47 - 50).
1
8 - 7 - (-1 + 3 + -1)
0
What is 8 - (24 + -9) - -9?
2
What is the value of -4 - (0 - 8) - (6 - -1)?
-3
What is 7 + (-3 - 3 - 5)?
-4
Calculate -7 + (-4 - -2) + 6.
-3
What is 4 + (14 - 10) - 2?
6
Evaluate -4 - (-4 + (4 - 1)) - -6.
3
Calculate 1 + 2 + (1 - 4).
0
Calculate (0 - -5 - 3) + 2.
4
15 + -12 - (3 + -2) - 8
-6
What is the value of -5 - ((4 - -1) + -8)?
-2
What is -8 + 1 + 8 - (-2 + 7)?
-4
Evaluate 9 + 3 + -19 + 1.
-6
What is the value of -6 + -7 + (2 - (-2 - 2))?
-7
What is the value of 0 - (-4 + -2 + (14 - 9))?
1
(0 - (2 - 6)) + (4 - 9)
-1
What is -1 - (1 - 0) - (3 + -6)?
1
Calculate (3 - (2 + 1) - -3) + -1.
2
What is the value of 11 - (8 - 2 - -2)?
3
Evaluate 2 + 3 + (0 - 0) + -7.
-2
2 + 5 + (-6 - 0) + 5
6
What is 0 + -12 - (5 - (20 + -11))?
-8
What is the value of 3 + 1 + 3 + (5 - 7)?
5
Evaluate -2 - (0 - (0 - -2)).
0
Calculate -4 + 5 - (0 + 0).
1
(12 + -14 - (0 - -6)) + 5
-3
Evaluate (11 - 9) + (8 - 3).
7
What is the value of -5 + (4 - 0) + -1?
-2
-2 - (-11 + 6 - -7)
-4
What is the value of 3 + -12 + (13 - -4)?
8
Calculate (-3 - (-6 + 3)) + 0 + -4.
-4
Evaluate -1 + -1 - (3 - 7 - 4).
6
What is (-2 - -1) + 0 - (12 + -12)?
-1
What is (-1 - 6) + 10 + 1?
4
What is -1 - (-2 - (0 + 3 - 9))?
-5
-2 + -5 + (0 - (-10 - -3))
0
What is the value of (0 - 5) + (13 - (-12 - -22))?
-2
Calculate -3 + (2 - (-5 - -7)) + 3.
0
Calculate -1 - (-5 - (-5 - -1 - 0)).
0
Evaluate (-7 - -11) + -11 + 6.
-1
7 - (-4 + 3 + 9)
-1
Evaluate 3 - (3 + 2 - (-7 + 10)).
1
Evaluate -1 - (-3 + -1 + -1 + 2).
2
Calculate -3 + (5 + 5 - 5).
2
(3 - -1) + -75 + 68
-3
Calculate 1 - -1 - (5 + -4 + 0).
1
What is the value of 1 - (1 + -3 + 1)?
2
What is 2 + 19 + (0 - 12)?
9
Calculate -3 + (-3 - (-1 - (0 - -6))).
1
Evaluate (0 - (-16 + 12)) + 3 + 2.
9
Calculate (-6 + (-5 - -8) - -11) + -3.
5
What is the value of ((-6 - 0) + 4 - 1) + 1?
-2
1 + (-4 - -2) - 0
-1
What is the value of 8 - 10 - (0 - (2 + -4))?
-4
Calculate 3 + (-5 - -4) - -1.
3
What is 11 + (-22 + 10 - -10)?
9
Evaluate -6 + (6 - -1) - -4.
5
What is the value of 1 + (1 + -11 - -6)?
-3
Evaluate -3 + (6 + 6 - 2).
7
-1 + -3 + 72 + -61
7
What is 2 - (2 - 6) - 1?
5
Calculate -10 + 3 + 2 + 12 + -13.
-6
Evaluate -1 - 3 - (-18 + 14).
0
-15 - (-10 - (-8 + 7))
-6
What is -1 + (2 - 5) - (1 + -3)?
-2
Evaluate (-10 + 1 - -1) + 5.
-3
(2 - -1) + -3 + -2 + 4
2
Evaluate -12 - (6 + -12 - -10 - 11).
-5
What is (-11 - -12) + (-1 - 2)?
-2
(-11 - (-3 - -1)) + (47 - 42)
-4
Evaluate 1 + -1 + -3 + (2 - -3).
2
Evaluate 0 + 2 + (3 - (2 + 3)).
0
What is the value of -7 + (5 - 6) - -6?
-2
Evaluate 5 + ((7 - 10) + 3 - 3).
2
Calculate -3 + -1 + (-1 - -3).
-2
-200 + 204 + -5 + -1
-2
What is 2 - (2 - 2 - 2)?
4
0 + -5 + (5 - 3)
-3
Calculate (6 - -2 - 15) + 1 - 3.
-9
0 + 10 - (5 + -6 - -6)
5
Evaluate -3 - (-2 + 7 + -1).
-7
What is the value of (0 + 0 - -11) + 2 + -6?
7
What is 7 + (-21 - -11) + 6?
3
What is (0 - (2 - 6)) + (5 - 9)?
0
What is (7 - 4 - 1) + (-3 - 1)?
-2
Calculate -5 + 1 + (-5 - (-5 + 0)).
-4
What is -31 - -18 - (-7 + 4)?
-10
3 - 0 - (-20 + 23)
0
What is 0 - (-5 + 1 + 3)?
1
What is -7 - -10 - (-4 + 7)?
0
Calculate -6 - ((-1 - (-5 + 1)) + -7).
-2
-3 + 4 - (-1 - 3) - 0
5
0 - (0 + (2 - -2) + -1)
-3
What is the value of (3 - (5 - -2) - 4) + 3?
-5
Evaluate 18 - (-15 + 5 - -20).
8
-1 - ((5 - 1) + (5 - 14))
4
What is the value of -